2 - 7*d + 8. Let m be i(6). Suppose 3*a = -m*u + 6*u - 226, a = 2. What is the units digit of u?
8
Suppose -l = 3*h - 2062, 4*h - 4*l + 622 - 3366 = 0. Suppose -2*x = 5*g - 3*x - 835, 3*x = -4*g + h. What is the hundreds digit of g?
1
Suppose 5*x - 3*g + 112 = 0, 2*g = 3*x - 2*g + 76. Let q be (-12)/x + 33/(-5). What is the units digit of 1/q*-3*58?
9
Suppose -2*m = -2*i - 2, -3*i + 7 = m + 2. Suppose 3*t - 11 = -5*x, 5*x = -i + 6. Let d(s) = 17*s**2 - 2*s + 2. What is the tens digit of d(t)?
6
Let s(m) = 3*m**2 + 62*m - 102. What is the hundreds digit of s(-39)?
0
Let t = 1470 - 148. What is the units digit of t?
2
Suppose -3*c - 5*s + 36 = -105, -2*c + 93 = 3*s. Suppose -h - 3 = -3*h - f, 18 = 2*h + 4*f. Let j = c + h. What is the units digit of j?
1
Suppose 81*h - 17100 = 71*h. What is the tens digit of h?
1
Let a(r) = -r**3 + 2*r**2 - 16*r - 10. What is the hundreds digit of a(-7)?
5
Suppose 5*s - 902 = -332. Suppose 2*p = 3*p - s. What is the hundreds digit of p?
1
Let y(z) = -3*z**2 + 9*z - 11. Let v be y(6). What is the units digit of (-9)/(-27) + v/(-3)?
2
Suppose -4*f = -b - 0*f + 14, -2*b + 4*f + 20 = 0. Let p = 87 - b. What is the units digit of p?
1
Let f(l) = -l**3 + l**2 - 4*l + 7. Let g be f(2). Let n = 8 + 6. Let x = g + n. What is the units digit of x?
9
Suppose 3235 = 5*d + 5*l, -2*d - d + 1937 = l. What is the hundreds digit of d?
6
Let c(o) = -7*o - 104. Let s(k) = 3*k + 52. Let d(w) = 2*c(w) + 5*s(w). Let n be (0/(-8 + 4))/(-2). What is the units digit of d(n)?
2
Let q(c) = -205*c**2 - 2*c + 2. Let d(y) = y**2 - 4*y - 3. Let z be d(5). Let v be q(z). What is the tens digit of 3/(-21) + v/(-21)?
3
Let l be 260/50 + (-1)/5. Suppose 3*o + 2*o - 534 = -3*s, -15 = -l*s. What is the tens digit of o?
0
Let h = -31 + 36. Suppose 5*o + 2*x = 445, -3*x - x - 475 = -h*o. What is the units digit of o?
1
Let d(x) = 3*x**3 - 3*x**2 - 12*x + 67. What is the tens digit of d(5)?
0
What is the hundreds digit of 10 - 1 - -632 - (1 + -3)?
6
What is the hundreds digit of (640/(-15))/((-2)/21*1)?
4
Let i(p) = 2*p + 14. Let d be i(-5). Suppose 12 = q - d. Suppose 2*f + 2*f = q. What is the units digit of f?
4
Let m = 870 + -678. What is the hundreds digit of m?
1
Let p = -226 + 2211. What is the units digit of p?
5
Suppose -63 + 9 = -6*z. What is the units digit of z?
9
Let v be (-2 - -2) + -6 + 6. Suppose v = -7*f + f + 24. Suppose -244 = -4*s + 4*g, 2*s - 236 = -2*s - f*g. What is the tens digit of s?
6
Suppose 0 = 4*r - r - 18. Let b be 18/3*4/r. Suppose b*n = 5*n - 2. What is the units digit of n?
2
Let r(f) = -f**3 + 12*f**2 - 10*f. Suppose -5*n - 20 = 0, -5*p - 105 = -n - 4*n. Let j = p + 36. What is the units digit of r(j)?
1
Suppose 2*y - 10*y + 272 = 0. What is the units digit of y?
4
Let b = -60 - -112. Suppose -44 - b = -4*t. What is the tens digit of t?
2
Suppose -o = -2*v - v - 9, -2*v + 8 = 4*o. What is the hundreds digit of -3 + 193*(o + -4 + 2)?
1
Let p be (1 - 3)/((-16)/(-7560)). Let l be (12/(-10))/(14/p). Suppose 5*t + 31 - l = 0. What is the units digit of t?
0
Suppose 2*h - 4*w - 1024 = 0, -h = -5*w + 7*w - 516. What is the units digit of h?
4
Suppose -3*u - 4*t = -24, -4*u + 3*t + t + 4 = 0. Let z = -1 - -1. Suppose 3*q - 72 = -z*r - 3*r, -u*r + 117 = -3*q. What is the tens digit of r?
2
Let t(k) be the second derivative of -k**4/12 + 13*k**3/2 + 8*k**2 - k - 1. What is the units digit of t(30)?
6
What is the tens digit of (30/80)/(-3) + 10977/8?
7
Suppose 5498 = 5*w - w - 5*t, -3*w + 4124 = -4*t. What is the units digit of w?
2
Let w(a) = a**2 - 8*a - 6. Let h(s) = 2*s - 7. Let x be h(8). Let k be w(x). Let f(m) = m**3 + 2*m**2 - 5*m + 6. What is the units digit of f(k)?
6
Let x = -93 - -98. Suppose -z + 109 = -t, 2*t - 541 = -x*z + 6*t. What is the tens digit of z?
0
Let k(z) = 4*z**3 - z**2 + 6*z - 2. What is the units digit of k(5)?
3
Let v be (30/(-9))/(-5)*6. Suppose u + v*u = 0. Suppose -3*r = -4 - 2, 2*g + 4*r - 70 = u. What is the tens digit of g?
3
Let f(z) = -z**3 - z**2 - 14*z - 17. What is the hundreds digit of f(-7)?
3
Suppose 0 = o - 2. Suppose 3*z - 5*p = 27 + 40, 43 = o*z - 5*p. Suppose d - z = -0*d. What is the tens digit of d?
2
Let u = 369 + 622. What is the units digit of u?
1
Let b = 6615 + -4454. What is the tens digit of b?
6
Let a be 182/28 + 2/(-4). What is the units digit of (-20)/30 - (-148)/a?
4
Let o(l) = l**2 - 4*l - 4. Let d be o(4). What is the units digit of d + 27/(3/1)?
5
Let b(j) = 25 - 20 + 4*j**2 - 2*j - 3*j**2. Let l be (20/6)/(4/6). What is the units digit of b(l)?
0
What is the units digit of (5 - 974/(-4))/(1/2)?
7
Suppose -16 = -4*n - 0*n. Let t(v) = -5*v**3 - 4*v**2 - v. Let i be t(n). What is the tens digit of (-1)/3 + i/(-12)?
3
Let a(p) = 50*p - 89. What is the units digit of a(7)?
1
Suppose -95 - 31 = -3*a. What is the tens digit of a?
4
Suppose -2*s - 909 = -5*s - 5*l, 4*l = -4*s + 1212. Let d = s - 171. What is the units digit of d?
2
Let l(k) be the first derivative of -k**3/3 - 8*k**2 + 13*k + 26. What is the units digit of l(-8)?
7
Let r be (9 - (-54)/(-6))*1/2. Suppose 0 = -4*m - 4*t + 648, r = -5*m + 10*t - 8*t + 782. What is the hundreds digit of m?
1
Let z(q) be the third derivative of -q**6/120 - 7*q**5/30 - 5*q**4/8 + 2*q**3 + 10*q**2. What is the tens digit of z(-13)?
3
Let q = 226 - -191. What is the units digit of q?
7
Let h(f) = -34*f**3 - f**2 + 6*f + 4. Let u(r) = 34*r**3 + r**2 - 5*r - 3. Let q(g) = 4*h(g) + 5*u(g). What is the units digit of q(1)?
5
Suppose -2 = -3*r + 1. Let a be (-3 + 3)/((-3)/(-1 - -4)). Let v = a + r. What is the units digit of v?
1
Let y be 14/2*(-15)/(-21). Suppose -4*j + 811 = -y*f, 0*j + f + 611 = 3*j. What is the hundreds digit of j?
2
Suppose -1385 = 47*m - 52*m. What is the hundreds digit of m?
2
Suppose 4*m + 29 = 3*y - 889, 3*y + 4*m = 894. Let l = y - 208. What is the tens digit of l?
9
Suppose 96*d - 107*d = -9845. What is the units digit of d?
5
Suppose -5*x = 3*t - 152 - 6666, -2*x = 2*t - 4552. What is the units digit of t?
1
Let x = -206 + 385. What is the tens digit of x?
7
Suppose 2*z + 2*m = -3*z + 59, 2*z - 24 = -m. Suppose -z = -5*q + 234. What is the units digit of q?
9
Let p = 28 - -219. What is the tens digit of p?
4
Suppose -40*x + 30*x + 8070 = 0. What is the units digit of x?
7
Let w = -90 + 92. Suppose -3*s - c + 155 = -41, 0 = w*s + c - 130. What is the units digit of s?
6
Suppose -2 = -w, -5*i = -0*i + 5*w - 460. Let v = -61 + i. What is the tens digit of v?
2
Suppose 18 = -3*k - 0*k. Let z(l) = l - 1. Let y(i) = 17*i - 14. Let t(q) = k*z(q) + y(q). What is the units digit of t(6)?
8
Let v = 280 + -137. Suppose 0*a - 4*a - q + 199 = 0, v = 3*a + 2*q. What is the tens digit of a?
5
What is the tens digit of 1404/2 - ((-81)/(-9) - 13)?
0
Let x(b) = -4*b - 10. Let w be (-47)/5 - (-18)/45. What is the tens digit of x(w)?
2
Let x(g) = 116*g - 2. Let b be x(7). Suppose -5*r - 136 = -q, -5*q + 0*r = r - b. What is the tens digit of q?
6
Let j = -72 - -74. Suppose 3*b - b = -j*h + 104, -52 = -h + b. What is the tens digit of h?
5
Let m(h) be the first derivative of 3*h**2/2 - 8*h - 1. Let y be m(13). Suppose 5*j - 5*v = 55, 2*v = 2*j + 3*v - y. What is the units digit of j?
4
Suppose 3*y + 23 = 2*a, 3*y + 36 = 4*a - y. What is the hundreds digit of (-1 - (3 - 4/a)) + 187?
1
Suppose 4*w - 688 = -3*h - 108, -h = 4. Let q = 212 - w. What is the tens digit of q?
6
Let g be (-2)/(-10) + (-3301)/5. What is the units digit of (8/10)/((-4)/g)?
2
Suppose k + 6 = -w, -4*w = -6*w - 8. What is the tens digit of (1 - (2 + k)/(-3)) + 137?
3
Suppose 7*x = 115 + 32. Suppose -i + x + 65 = 0. What is the units digit of i?
6
Let b be -143 + 4 + (2 - 0 - 0). Let t = b + 252. What is the units digit of t?
5
Let t(f) = f**3 + 4*f**2 + 3. Let b be t(-4). Suppose 0 = 5*o - b*o - 2, -w - 5*o = -19. What is the tens digit of w - -1 - (-4 + 2)?
1
Let u(v) = v**2 + 2. Let l be u(-2). Let h be 5*-3*(-2)/l. What is the units digit of ((-72)/(-20))/(2/h)?
9
Let s(f) = -87*f + 35. Let i be s(-7). Suppose 15*w + i = 19*w. What is the units digit of w?
1
Let i = 8 - 6. Suppose 3*v + 634 - 52 = 4*f, -f + i*v + 148 = 0. What is the tens digit of f?
4
Let s = 344 - 187. What is the tens digit of s?
5
Suppose -18 = -5*i - 13, -3*u = 2*i - 1994. Wha